*m + 3. Let o be q(9). Let a = 942 - o. List the prime factors of a.
3, 103
Let u = 15622 - 1969. What are the prime factors of u?
3, 37, 41
Let q be 640/104 + (-2)/13. Let f = -4 + q. Suppose 3*i - 6 = 0, -o + 188 = f*i - 19. List the prime factors of o.
7, 29
Suppose 7*x = -41 - 330. Let y = x - -58. Let p(z) = z**3 - 4*z**2 - 2*z + 10. What are the prime factors of p(y)?
5
Suppose -13*v = -v - 65064. What are the prime factors of v?
2, 2711
Let j be 10/50 - 39/(-5). Suppose p = 6*p + w + 8, -2*p - 2*w = j. What are the prime factors of (9/12)/(p/(-32))?
2, 3
Let x(p) = 253*p**3 - 2*p**2 + 315*p - 1874. List the prime factors of x(6).
2, 853
Let q = -28081 - -54241. What are the prime factors of q?
2, 3, 5, 109
Let z = 557 - 552. Suppose 2*p = -p + a + 1352, 0 = -3*p - z*a + 1376. List the prime factors of p.
2, 113
Let u = 13 - -119. Let d be (-786)/(-10)*50/10. Let b = d - u. What are the prime factors of b?
3, 29
Suppose -15 = -2*z + 3. Suppose -3*b - 2*d + z = 525, 4*d - 172 = b. What are the prime factors of b/(-10) - (-15)/(-75)?
17
Let u(p) = 88*p**3 + 15*p**2 - 77*p + 24. List the prime factors of u(5).
2, 5507
Suppose 4*l + 20*r - 15*r - 180181 = 0, -2*r - 360350 = -8*l. List the prime factors of l.
2, 11261
Let j = 187 + -184. Suppose 0 = -3*p - 3*v + v + 320, 0 = j*p + v - 322. What are the prime factors of p?
2, 3
Suppose -d = -3*l - 11152, -2*d - 5*l + 5868 + 16370 = 0. What are the prime factors of d?
2, 19, 293
Let d = -14436 - -20812. What are the prime factors of (5 - (-49)/(-14))*d/12?
797
Suppose -58255 + 10849 = -11*q + 100896. List the prime factors of q.
2, 3, 7, 107
Let u be 9 - (4/(-7) - 901/(-119)). Let h(d) = -d**3 - 7*d**2 - 7*d - 6. Let t be h(-6). Suppose u*w + 2*w - 164 = t. What are the prime factors of w?
41
Let u = 543 + -228. Suppose 3*i + 44 - 17 = 0. List the prime factors of (u/10)/i*-36.
2, 3, 7
Let u be -8*(-5 + -10 + 5). Let d = u + -9. What are the prime factors of d?
71
Let q = 599 + -600. Let f(y) be the second derivative of -31*y**3/2 - y**2 + 2*y. What are the prime factors of f(q)?
7, 13
What are the prime factors of (9/((-297)/286))/((-6708)/1341 - -5)?
2, 13, 149
Suppose 2*c + 5*z - 1006 = -3763, 0 = 2*c + 4*z + 2752. Let n be (c/2)/((-5)/10*2). Suppose n = 5*p - 7. List the prime factors of p.
2, 3, 23
Suppose 414 = 7*j - 34. Suppose j*z - 24987 = -8475. List the prime factors of z.
2, 3, 43
Let a be (98/(-4) + 1)/((-2)/64). Suppose -3*q = a - 1481. List the prime factors of q.
3
Suppose -19*k = 19*k + 53542. Let m = 2266 + k. What are the prime factors of m?
857
What are the prime factors of ((-6)/(-27))/(-2) + (-816640)/(-144)?
53, 107
Let v = -6556 - -10952. Suppose -28*i + v = -14*i. List the prime factors of i.
2, 157
Suppose -3*w + 5*o - 27 = -5*w, 2*w - 9 = o. Suppose 11*m = w*m + 10. Suppose -146 = -u + m*x, -u = u - 5*x - 289. List the prime factors of u.
2, 19
Let l = -68 - -73. Suppose 2*b = b - 5, 115 = 3*g - l*b. What are the prime factors of 6*((-6)/8)/(g/(-220))?
3, 11
Let r be 1*3 + (-5 - (3 + -9)). Let m(d) = r + 6*d + 10 - 30 + 9. What are the prime factors of m(8)?
41
Let w be 1*(-1 - 0)*-4. Suppose -2*i = -3*x - 0*i + 10, -w*x + 4 = 2*i. List the prime factors of 20 - (1 + -3 - x).
2, 3
List the prime factors of (-4167020)/(-150) - (-2)/(-6) - 132/(-110).
13, 2137
Let j = 573 + -3090. What are the prime factors of (19/3 + -7)*j/2?
839
Suppose 87351 + 297519 + 7104 = 22*m. List the prime factors of m.
3, 5939
Let v = -281 + 281. Suppose v*y = 8*y - 1024. What are the prime factors of y?
2
Let s(r) = -8 - 5*r**2 - 6*r**2 + r**2 - 1 + r**3 - 23*r. Let k be s(12). Suppose i + 288 = k*u, -2*u = i - 6*i - 192. List the prime factors of u.
2, 3
Let b = -26 - -38. Let f be (-4)/6 + 13*(-4)/b. What are the prime factors of 2352/30 - (-2)/f?
2, 3, 13
Let o be 4/(-6) - ((-60)/9 + 2). Suppose -j = -3*z - 2, 5 = -3*j - o*z - 2. List the prime factors of ((-297)/(-3))/(-3)*j.
3, 11
Suppose 0 = -301*h + 399*h + 98. Suppose 0 = 2*t + 3*t + 335. What are the prime factors of -4 - h - -1*(0 - t)?
2
Let g = -57 - 4. Let t = g - -305. What are the prime factors of t?
2, 61
Suppose 0 = -19*l + 952116 - 240680. What are the prime factors of 2/(-30) - l/(-60)?
2, 3, 13
Let v(g) = 7*g**2 + 6*g + 3. Let p(o) = -o + 9. Let r be p(7). Suppose 24 = -r*j - 6*j. What are the prime factors of v(j)?
2, 3
What are the prime factors of 5646040/855 + 8/18?
2, 13, 127
Suppose -21*w + 949 + 559100 = 0. List the prime factors of w.
26669
Let f(r) = 3691*r + 1865. List the prime factors of f(10).
3, 5, 11, 47
Let a be 7 - (-136 - (-72)/9). What are the prime factors of 5/(a/39159) - (-2)/3?
1451
Suppose 23 = 5*r + 3*g, 3*r + 3*g - 11 = r. Let i = -6 - r. What are the prime factors of (-5)/(i/(-8))*-33?
2, 3, 11
Let v be ((-2)/4)/((63/644)/(-9)). Suppose 0 = 3*r - v*r + 30745. List the prime factors of r.
5, 11, 13
Suppose -7*r + 12*r + d - 371 = 0, 5*d - 5 = 0. Suppose 2795 = -r*h + 79*h. List the prime factors of h.
13, 43
Suppose 0 = z - 4*c - 3308, -286 = -2*z + 2*c + 6324. Suppose 17 = 3*u + 11, 5*b + 2*u = z. List the prime factors of b.
2, 3, 5, 11
Let s = 6000 + 1528. What are the prime factors of s?
2, 941
Suppose o - 2*w = 235, w - 1219 = -3*o - 2*o. Let k be o/2 - 5/10. Suppose 4*v - 6*v = 4, -z + 4*v = -k. What are the prime factors of z?
113
Let l = -266 - -245. Let i(x) = -x**2 - 26*x + 32. List the prime factors of i(l).
137
Suppose -y + 3 = 0, f - 4*y = -4*f - 12. Suppose f = 5*h, 372 + 1452 = 3*d + 4*h. Suppose -d = -8*m + 4*m. List the prime factors of m.
2, 19
Let r(g) = -g**3 - g**2 - 8. Let n be r(-3). Suppose 0 = n*h - 11*h + 6. Suppose -h*i = -58 - 56. What are the prime factors of i?
19
Let q(t) = -31*t + 2730. List the prime factors of q(63).
3, 7, 37
Let r(c) be the first derivative of -c**3/3 + 4*c**2 - 25*c + 19. Let b be r(10). List the prime factors of 2/(-9) - (-4 + 4915/b).
113
Suppose 25496 = 5*g + h, 66*g - 70*g = 2*h - 20404. What are the prime factors of g?
2, 2549
Let r(u) = 205*u**2 + 2. Let v = -12 - -10. What are the prime factors of r(v)?
2, 3, 137
Let h = -78 - -293. Suppose 5*i - 3*d - h = 876, 5*i - 1103 = -d. Suppose -7*a + 1298 = i. List the prime factors of a.
2, 7, 11
Suppose -4*f = -3*j - 64356, -2*f + 467*j - 465*j = -32180. List the prime factors of f.
2, 3, 7, 383
Let o(b) = 6*b - 6 + b**3 + 0 - b**2 - 3*b**3 - 8*b. List the prime factors of o(-3).
3, 5
Suppose 0 = 8*g - 61851 + 15371. List the prime factors of g.
2, 5, 7, 83
List the prime factors of (-426114)/(-104) - (-3)/4.
2, 3, 683
Let c = -296 - -299. Suppose 0 = c*u - 5*u - 5*j + 1429, -4*u + 3*j = -2897. List the prime factors of u.
2, 19
Suppose -4*f + 5*n = -8*f, 4*f = 3*n + 32. Suppose l = -u + 368, 27*l = f*u + 26*l - 1810. List the prime factors of u.
3, 11
Let y = -71 - -78. Suppose 0*a + 4*a + 6 = 5*k, a + 4 = 0. List the prime factors of 62*1*y/14 - k.
3, 11
Let s = 173 - 170. Suppose s*q + 5*t - 2387 = 0, 17*q = 18*q + 5*t - 799. List the prime factors of q.
2, 397
Suppose 5*p = 2*u + 2*p - 4499, -2*p = 2. Let n = -1081 + u. What are the prime factors of n?
3, 389
Let w = 4171 + 4478. List the prime factors of w.
3, 31
Suppose a - 5*q = 4493, 2*a + 52*q - 8977 = 53*q. What are the prime factors of a?
2, 3, 11, 17
Let j = 7954 + 306. What are the prime factors of j?
2, 5, 7, 59
Suppose 16948 = 7*d - 3*d + 5*k, d + k - 4238 = 0. What are the prime factors of d?
2, 3, 7, 101
Suppose -u - 17*t = -8368, -3*u - 2*u = 5*t - 41840. List the prime factors of u.
2, 523
Let j = 43395 - 15625. What are the prime factors of j?
2, 5, 2777
Let g(s) = -s**3 - 6*s**2 - 8*s - 9. Let y be g(-5). Let q be (4/y)/((-5)/(-15)) + -162. Let v = q + 287. What are the prime factors of v?
127
Let y(j) = 5*j**3 - 11*j**2 + 20*j + 11. Let g(s) = 2*s**3 - 2*s**2. Let q(p) = -3*g(p) + y(p). List the prime factors of q(-8).
43
Suppose 3*h + 2*o = -1457, -2*h - 1482 = h - 3*o. Let r = -276 - h. Suppose -3*x + r = -42. What are the prime factors of x?
5, 17
Suppose 4*z = -5*d + 43426, 19*z - 43438 = 15*z - 3*d. List the prime factors of z.
2, 7, 97
Let g be (16/6)/((-4)/(-48)). Let b = -27 + g. Suppose 5*p - 1063 = -2*t, -2*p + b*t = 227 - 629. What are the prime factors of p?
211
Let l(y) = -y**3 - 12*y**2 - y - 12. Let f 